 -43 + i. What is the greatest common divisor of h and 4?
4
Let a = 11 + -8. Suppose -i - a*s = 2, -7*s + 3*s = -i + 12. Let h(k) = k + 4. Let l be h(i). Calculate the greatest common factor of l and 88.
8
Let v = 31 + -18. Suppose -3*j = 2*j - 65. What is the highest common factor of j and v?
13
Let p = 295 + 177. What is the highest common factor of p and 177?
59
Suppose -2*a + 78 = 5*t - 31, -2*a + 4*t + 82 = 0. Let p = 101 - a. Let q be 3/(((-1)/18)/(20/(-30))). Calculate the highest common divisor of q and p.
18
Let q = -85 + 145. Suppose 0 = 2*u + 6*u - 96. Calculate the greatest common divisor of u and q.
12
Let x be 18/27 - (-52)/(-6). Let z = 12 + x. Suppose 0 = 4*m - 52 - z. Calculate the greatest common divisor of 14 and m.
14
Let z = 761 + -418. Suppose -14*d + z + 441 = 0. Calculate the greatest common factor of 504 and d.
56
Let b = -73 - -117. Suppose -2*g = -20 - 2. Calculate the highest common factor of b and g.
11
Suppose 14*c = -11*c + 7125. What is the highest common divisor of c and 114?
57
Let v(o) be the first derivative of -o**4/4 - 3*o - 5. Let k be v(0). Let u be ((-3)/k)/1 + 13. What is the greatest common divisor of u and 42?
14
Let f(i) = 29*i - 438. Let a be f(21). What is the highest common factor of 27 and a?
9
Let j(y) = -y**3 + 32*y**2 + 10*y - 45. Let z be j(32). Let v(b) = 2*b**2 + 6*b + 5. Let i be v(-5). What is the greatest common factor of i and z?
25
Let a be 24*2/(8/99). What is the highest common divisor of a and 54?
54
Suppose 5*h = 4*h - 60. Let j = 61 + h. Calculate the highest common divisor of 9 and j.
1
Let b = 224 - 189. What is the highest common divisor of b and 14?
7
Let j = 1648 - 1592. What is the highest common factor of j and 36?
4
Let v(h) = -h**2 - 12*h - 5. Let b be v(-11). Let m = 9 + b. Calculate the highest common divisor of 6 and m.
3
Let o(q) = 3*q - 1. Let x be o(4). Let g = -2433 + 2444. What is the greatest common factor of x and g?
11
Suppose -3*f = 2*a - 5, 4*a - 6*f + 2*f = 0. Let t be (-393)/(-15) + a/(-5). Let h = 150 + -137. What is the highest common factor of h and t?
13
Let k = -143 + 149. Let h be 7/(-3) + 3 - (-734)/k. Calculate the greatest common divisor of h and 82.
41
Suppose -3*z - 50 = 2*z. Let l be (16/(-14))/(z/35). Suppose -o - 4 = 0, -2*a = o - l - 72. What is the greatest common divisor of a and 10?
10
Let u = -20 - -20. Let x(s) = 2*s + 336. Let z be x(u). What is the highest common factor of z and 42?
42
Let d(v) = 14*v - 8. Let k be d(5). Let g = 181 - k. What is the greatest common factor of 17 and g?
17
Suppose 16*i = -14 + 78. Calculate the greatest common divisor of 424 and i.
4
Let c(g) = -3*g - 29. Let j be c(0). Let b = j + 57. What is the greatest common factor of 112 and b?
28
Let r be 2 + (0/3 - -37). Let c = 101 + -75. Calculate the highest common divisor of r and c.
13
Let w(g) = -5*g + 5. Let a be w(-3). Suppose 0 = -5*x + a, -2*x = -2*v - 4*x - 112. Let n = -38 - v. What is the highest common factor of 176 and n?
22
Let o(w) = w**2 - 12*w + 15. Let c be o(11). Let m = -27 + 16. Let q(r) = -r**3 - 11*r**2 - r + 9. Let t be q(m). What is the highest common divisor of t and c?
4
Suppose -21 = -3*l + q - 3, l + 5*q - 6 = 0. Suppose 2*c = l - 2. Let v be (4/(-6))/((-5)/165). What is the greatest common divisor of c and v?
2
Let v(r) = -2*r**2 + 20*r + 50. Let o be v(11). What is the greatest common divisor of 70 and o?
14
Let h = -11 + 15. Let n be (-1)/14*-758 - h/28. What is the greatest common divisor of 135 and n?
27
Suppose -38*m = -35*m - 75. What is the greatest common factor of 375 and m?
25
Let l(w) = w**3 - 8*w**2 - 48. Let r be l(10). Calculate the greatest common divisor of 95 and r.
19
Let m be (-860)/(-35) + 8/(-14). Suppose 4*a + 5*y = -41, 2*y + 31 - 5 = -4*a. Let r = 2 - a. Calculate the greatest common factor of r and m.
6
Suppose l = -l - 5*c + 1185, -l + 575 = -c. What is the highest common divisor of 348 and l?
116
Suppose -15 = 5*m, 3*o + 0*o + 5*m + 129 = 0. Let k = o + 64. What is the highest common factor of 286 and k?
26
Let k be (-1 - 8)*(9 - 10). Calculate the highest common divisor of 117 and k.
9
Let j(q) = q**2 - 8*q + 22. Let k be j(4). Suppose 10 = -2*n, -2*c - 3*n = -6*c + 3. Let y be (-45)/k*10/c. What is the greatest common factor of 5 and y?
5
Suppose -4*a = -17 + 5. Suppose 3*l + 3 = -3*t - t, -a*l + 3 = 2*t. Let r = 3 + l. What is the greatest common divisor of 30 and r?
6
Suppose -14*f = -576 - 194. Calculate the greatest common factor of 1485 and f.
55
Let p be (-3)/12 + -7 + 2130/8. What is the greatest common divisor of p and 14?
7
Let a(q) = 3*q - 7. Suppose 3*s + 2*s = 0. Suppose -4*m + 3*y + 21 = s, 3*m = -4*y + y. Let n be a(m). What is the highest common divisor of 8 and n?
2
Let l be (-38)/(5/(5/(-2))). Suppose -d - 9 = -u + 20, d - l = -u. Suppose 2*p = 0, 0*o + 3*o = -4*p + u. Calculate the greatest common factor of 72 and o.
8
Let j(i) = -i**3 + 9*i**2 + i + 11. Let c = -10 - -19. Let s be j(c). Calculate the greatest common factor of 160 and s.
20
Let a(x) = 5*x + 3*x - 7*x - 2. Let y be a(10). What is the greatest common divisor of 1 and y?
1
Suppose 5*s + 5*q - 80 = 0, 3*q + 6 = 2*s - 6. Let x = 3 + 6. Suppose 7*i = x*i - s. What is the highest common divisor of 54 and i?
6
Suppose 2*l = -2*l + 3*w + 172, -5*l = 4*w - 184. What is the greatest common factor of l and 48?
8
Let t(l) = 1 + 2 - 5 - l + 0. Let k be t(3). Let n(z) = z**3 + 7*z**2 + 5*z + 5. Let u be n(k). Calculate the greatest common divisor of u and 12.
6
Let v = 566 - 395. What is the greatest common divisor of v and 19?
19
Let f(b) = -b**3 + 4*b**2 + 2*b - 7. Let k be f(4). Calculate the highest common divisor of k and 20.
1
Let o = -66 - -130. Let i = -42 + o. Calculate the greatest common divisor of 33 and i.
11
Let l(u) = -u**3 - 7*u**2 + 6*u - 2. Let s be l(-8). Let c = 1983 + -1969. Calculate the greatest common factor of s and c.
14
Let v = 65 + -9. Calculate the greatest common divisor of 8 and v.
8
Let w = 30 - 45. Let g be (w + 50)*(2 - 1). What is the highest common factor of g and 35?
35
Let z(s) = -68*s - 129. Let i be z(-23). Calculate the greatest common factor of 35 and i.
35
Let w = 2088 + -1968. Calculate the greatest common divisor of 270 and w.
30
Let f = -97 + 103. Let p be (-36)/252 - (-44)/14. What is the greatest common factor of p and f?
3
Let l(a) = 137*a + 37. Let u be l(14). What is the greatest common factor of u and 85?
85
Let b(m) = -2*m**2 - 31*m + 9. Let o = 72 + -87. Let k be b(o). Calculate the greatest common divisor of 48 and k.
24
Suppose 0 = 35*i + 258 - 2778. Calculate the greatest common factor of i and 240.
24
Suppose -4*p + 2*l + 28 = 5*l, 0 = -2*l - 8. Let s(a) = 4*a + 24. Let z be s(p). Calculate the highest common factor of z and 32.
32
Suppose -171 - 101 = -8*p. Calculate the highest common divisor of p and 646.
34
Suppose 3*c + 0*c = -4*b - 53, 61 = -3*c - 2*b. Let p = c + 34. Suppose 3*w - 23 = 76. What is the highest common factor of p and w?
11
Suppose -2*n + 17 = q + 3*n, -2*n = -2. Let f be ((-10)/1)/(115/(-138)). Calculate the greatest common factor of q and f.
12
Let m(i) = i**3 - 6*i**2 - 7*i + 14. Let c = -17 - -24. Let b be m(c). Calculate the greatest common factor of b and 126.
14
Suppose 3*p = -a + 16 - 3, -4*a + 28 = 4*p. Let k = a - 0. Suppose -3*u = -5*z + 1, z - 6 + 1 = 0. What is the greatest common divisor of u and k?
4
Let r(w) = -w**2 + 2*w. Let a be r(0). Let d be (-1)/(1/(a - 30)). Calculate the highest common divisor of 6 and d.
6
Suppose 12 = -3*c - c, -2*j = 3*c - 55. Suppose -6*f - j = -10*f. Calculate the highest common factor of f and 32.
8
Suppose 0 = g - 6*g. Suppose g = 4*j - 0*j - 16. Suppose 3*o + 0*k - k - 201 = 0, -k = j*o - 261. What is the greatest common factor of o and 44?
22
Suppose 192 = 3*t + 3*t. What is the highest common divisor of 416 and t?
32
Let a = 610 - 463. Calculate the highest common divisor of 168 and a.
21
Let a = 104 - 16. Suppose a = -12*o + 14*o. Calculate the highest common factor of 4 and o.
4
Let a = 23 - -77. Calculate the greatest common factor of a and 4.
4
Let h(o) = o**3 + 9*o**2 - 10*o + 2. Let c be h(-10). Let z be 48 - ((c - 1) + -4). Let r be 2/(-3) - (-6970)/z. What is the highest common factor of 17 a